f q and 507?
39
Suppose 0 = -4*r + 4*i + 92, -i + 74 = 4*r + i. Calculate the highest common factor of r and 36.
4
Suppose -2*b - 3*j + 0 = -6, -4 = j. Calculate the greatest common factor of 738 and b.
9
Suppose 4*n = 9*n. Suppose 3*i + 4*t - 15 = 0, 4*t + n = 2*i - 10. Suppose -10 = -u - 0*u. What is the greatest common factor of u and i?
5
Suppose 3*s = -3*c + 18, 6 = -3*c - 2*c + 4*s. Let b be -6*(-3)/9 + 16/c. What is the highest common divisor of 10 and b?
10
Suppose -121 - 119 = -16*l. Suppose m = 2 + 7. Calculate the highest common divisor of m and l.
3
Let f = 1044 - 813. Calculate the highest common factor of 105 and f.
21
Suppose -14*m + 2*m + 288 = 0. Suppose -m = 2*r - 6*r. Suppose -2*x = 5*f - 11, 3*x - 4*f - 64 = -2*f. Calculate the greatest common factor of r and x.
6
Let d = 229 + -345. Suppose f = n - 5, -5*f + f + n = 23. Let c be ((-3)/f)/((-2)/d). Calculate the highest common divisor of c and 87.
29
Suppose 11 = -3*b - b - p, 3*p = -b. Let k be -1 + -1 + 4 + b. Let q(a) = -26*a + 2. Let l be q(k). What is the highest common factor of 70 and l?
14
Let j = 32 - 24. Let o = j - -42. Suppose -10 = -2*n - s - 4*s, 4*n - 36 = -2*s. Calculate the greatest common divisor of o and n.
10
Let l(z) = -8*z - 3. Let n be l(-9). Suppose -2*i - 5*k + 102 = 0, 5*k - 190 = -4*i + 2*k. Calculate the highest common divisor of i and n.
23
Suppose 14*l - 2016 = 5*l. Calculate the highest common divisor of l and 168.
56
Let n = -67 - -210. Calculate the greatest common factor of n and 13.
13
Let x be (1*-1 + 8)/1. Let b = -110 + 195. Let w = -29 + b. What is the greatest common divisor of x and w?
7
Suppose 2*w + 6*w - 16 = 0. Let a(u) = 4*u - 2. Let f be a(w). What is the greatest common divisor of 30 and f?
6
Let o be (-8)/(-6)*3/2. Suppose -i = -3*d + o, 0 = -5*d - 2*i - 4. Suppose d*j - 2*j = -414. What is the highest common factor of 23 and j?
23
Let i be 15/(-15)*1*-7. Calculate the highest common factor of 21 and i.
7
Let u(f) = f**3 - 9*f**2 - 8*f - 10. Let w be 2*2 + (19 - 13). Let z be u(w). Calculate the highest common divisor of 90 and z.
10
Let t be (320/10)/(3 + -2). What is the highest common divisor of t and 4?
4
Suppose 662*h = 684*h - 836. What is the greatest common factor of h and 1558?
38
Let i = -264 - -277. What is the greatest common factor of 65 and i?
13
Let z(l) = -7*l + 12. Suppose -70 = -7*j + 12*j. Let q be z(j). Calculate the highest common factor of 44 and q.
22
Let v be -11*(-22 + 1)*28/42. Let w(l) be the second derivative of 13*l**3/6 + l**2/2 - 3*l. Let t be w(1). Calculate the highest common factor of t and v.
14
Let p be 10*(1 + 0) - 4. Suppose 0 = -2*s - 3*u, 20 = 4*s - 2*u - 12. Calculate the greatest common factor of p and s.
6
Let o(s) be the second derivative of 71*s**4/12 - 2*s**3/3 + 3*s**2/2 - 11*s. Let z be o(2). What is the greatest common factor of z and 31?
31
Let k be (-11)/(-77) + (1 - (-1454)/14). Let b = k + -39. Calculate the highest common factor of b and 6.
6
Suppose 2*k + p = 617, -2*p + 168 = k - 142. Calculate the highest common divisor of 28 and k.
28
Let d(x) = -465*x**3 - 3*x**2 - 4*x - 4. Let h be d(-1). What is the greatest common factor of h and 66?
66
Suppose 60 = 3*k + 24. Suppose -3*s = -k - 3. Suppose -59 = -2*b + 2*t + 39, -2*b = -s*t - 110. Calculate the greatest common factor of b and 5.
5
Suppose 6*y - y + 36 = f, 2*f - 30 = 4*y. Let w(c) = c + 11. Let r be w(y). What is the greatest common divisor of 4 and r?
4
Suppose f - 2132 = -4*g, -2733 = -5*g + 3*f - 85. Calculate the greatest common factor of 76 and g.
76
Let q be (112/(-32))/(1/(-4)). What is the highest common divisor of q and 868?
14
Let o(t) = -t**3 - 6*t**2 - 20*t - 76. Let l be o(-6). What is the greatest common divisor of 748 and l?
44
Suppose 2*l - 6*s - 238 = -2*s, 2*l - 238 = 5*s. What is the greatest common divisor of l and 34?
17
Let n be -6*28/24*-4. Calculate the highest common factor of n and 12.
4
Let a be (5/2 + -1)/((-6)/(-28)). Let x be (0 + (-125)/4)*4. Let j = x + 195. Calculate the greatest common factor of j and a.
7
Let b be (-4)/(-14) - 26/(-7). Let m(u) = -2*u + 16. Let n be m(0). What is the greatest common divisor of n and b?
4
Suppose -4*d - y = -4*y - 215, 4*d = -5*y + 239. What is the highest common factor of 40 and d?
8
Let q be (1 + 0)*2304/64. Calculate the greatest common divisor of 630 and q.
18
Suppose 3*d - 147 = -j + 4*j, -2*d + j = -97. Let c = -3745 - -3757. What is the highest common divisor of d and c?
12
Let c(q) = -2*q**2 + 8*q + 144. Let t be c(0). What is the greatest common divisor of 162 and t?
18
Suppose 2*f - 4*o = 14, 10*f - 14*f + 44 = -4*o. What is the greatest common divisor of f and 490?
5
Let v(h) = 3 - 7 + 4 - h. Let i be v(-8). Let c = i - 4. Calculate the highest common factor of 10 and c.
2
Suppose 0 = -27*j - 80 + 215. Calculate the greatest common divisor of j and 55.
5
Let l be 2 - 0 - 7*(5 + -40). Calculate the highest common divisor of l and 52.
13
Let b = -21 + 5. Suppose 4*v + 23 + 17 = 0. Let x = v - b. Calculate the greatest common divisor of x and 48.
6
Suppose 2*l + y + 1 = 0, -3*y = -2*l - 5*y - 4. Let k(h) = -l - 2 + 9*h**2 + 4 - 2*h + 3. Let w be k(-3). Calculate the highest common factor of 13 and w.
13
Suppose 80 = -0*f + 2*f. Suppose 0 = 4*g - 5*v - 64, 2634*v - 2633*v - 48 = -3*g. Calculate the highest common divisor of f and g.
8
Suppose 4*r - 3*k - 297 = 0, 4*r + 79*k - 80*k - 291 = 0. What is the greatest common factor of 8 and r?
8
Suppose 0 = -715*x + 720*x - 45. Calculate the highest common divisor of x and 477.
9
Let q(a) = -a**3 + 8*a**2 - 3*a - 15. Let k be q(7). Let s = 46 + -20. Calculate the greatest common divisor of k and s.
13
Let t(k) = -3*k**2 + 37*k - 24. Let n be t(11). Suppose 3*g = m + 14, 3*m - 5 = -2*m. What is the highest common factor of g and n?
5
Let i(y) = 6*y + 150. Let l be i(-23). What is the highest common divisor of 39 and l?
3
Let j(z) = -z**2 - 3*z + 4. Let n be j(-4). Let b be ((2 + n)/1)/2. Calculate the highest common factor of 2 and b.
1
Let c = -124 + 174. What is the greatest common factor of 2 and c?
2
Let n = -1036 - -1040. What is the highest common divisor of 556 and n?
4
Suppose -4*i = 2*o - 280, 5*i - 5*o - 410 = -75. Calculate the highest common factor of i and 690.
69
Suppose -32 = -5*w + 43. Calculate the highest common factor of w and 65.
5
Suppose -4*b = -5*x + 2*x + 8, -4*b + 5*x - 8 = 0. Let q be (-5)/(5/(-8)) - b. Suppose 3*u - 235 = 35. Calculate the greatest common divisor of u and q.
10
Let n be -1*(12/(-2) - -4). Suppose -4*y + 61 + 7 = -n*i, -2*i = 0. Calculate the greatest common divisor of 136 and y.
17
Suppose -2*g - 33 = 4*a + 13, -a = -3*g + 1. Let z = 16 + 4. Let h be (-8)/z - 1334/a. Calculate the highest common factor of h and 19.
19
Let d be 2 - (-1386)/27*3. What is the greatest common factor of d and 2?
2
Let v = 8 - 4. Suppose v*g - 3*g = 112. Suppose 0*p + g = 2*p. What is the highest common factor of p and 84?
28
Let i(y) = -y**3 + 25*y**2 - 26*y - 31. Let h be i(24). Let a = 127 + h. Calculate the greatest common factor of a and 384.
48
Let b = -561 - -849. What is the highest common divisor of b and 54?
18
Let m = 2000 - 1920. What is the highest common factor of m and 120?
40
Let r(i) = -i**2 + 6*i - 5. Let u be r(5). Let k = 3 - u. Calculate the greatest common factor of k and 21.
3
Let w(s) = -s**3 - 2*s**2 + 3*s - 4. Let f be w(-4). Suppose -o + 4 = -0, o + 92 = 2*h. Let q = h - 32. Calculate the highest common divisor of q and f.
16
Let t(c) = 262*c**3 - c**2 - 2*c + 2. Suppose 5*p = 9*p - 72. Let x be (-27)/p*(-2)/3. Let z be t(x). What is the highest common divisor of z and 29?
29
Suppose 412*c - 108 = 403*c. What is the greatest common divisor of 84 and c?
12
Let y = -896 + 1488. Calculate the greatest common factor of 16 and y.
16
Let f = -3 - -6. Suppose f*i + o = 2*o + 26, -4*i + 56 = 4*o. Let t(y) = 68*y**2 + 2. Let z be t(-1). What is the greatest common factor of z and i?
10
Let i = 535 + -527. What is the greatest common divisor of 24 and i?
8
Let a(y) = -21*y + 5. Let d be a(-5). Let f be 3/6 + 58/4. Let j = 25 - f. What is the greatest common divisor of j and d?
10
Suppose 0 = -4*j + 34 - 10. Let r be (5 + j)/(2 + -1). Calculate the greatest